{"id":65,"date":"2024-08-14T12:04:21","date_gmt":"2024-08-14T12:04:21","guid":{"rendered":"https:\/\/mladost-rinia.mk\/?page_id=65"},"modified":"2024-11-15T16:48:52","modified_gmt":"2024-11-15T16:48:52","slug":"%d0%b7%d0%b3%d1%80%d0%b8%d0%b6%d1%83%d0%b2%d0%b0%d1%87%d0%ba%d0%b0-%d0%b4%d0%b5%d1%98%d0%bd%d0%be%d1%81%d1%82","status":"publish","type":"page","link":"https:\/\/mladost-rinia.mk\/sq\/%d0%b7%d0%b3%d1%80%d0%b8%d0%b6%d1%83%d0%b2%d0%b0%d1%87%d0%ba%d0%b0-%d0%b4%d0%b5%d1%98%d0%bd%d0%be%d1%81%d1%82\/","title":{"rendered":"Aktivitet i p\u00ebrkujdesjes"},"content":{"rendered":"<p>Kujdesi \u00ebsht\u00eb institucionalisht pranimi dhe q\u00ebndrimi i f\u00ebmij\u00ebve nga 8 muaj deri n\u00eb 6 vje\u00e7. Ai p\u00ebrfshin: kujdesin dhe ushqimin, pushimin dhe aktivitetet sh\u00ebndet\u00ebsore parandaluese.<\/p>\n\n\n\n<p>Aktivitetet ditore i referohen:<\/p>\n\n\n\n<p>- Kujdesi dhe ushqyerja e f\u00ebmij\u00ebve - kujdesi dhe ushqyerja e duhur e f\u00ebmij\u00ebs do t\u00eb kontribuoj\u00eb n\u00eb rritjen dhe zhvillimin korrekt fizik t\u00eb f\u00ebmij\u00ebs, duke zhvilluar k\u00ebshtu shprehit\u00eb e t\u00eb ushqyerit dhe mir\u00ebmbajtjen e higjien\u00ebs.\u00a0\u00a0\u00a0\u00a0<\/p>\n\n\n\n<p>&nbsp;- Kujdesi p\u00ebr sh\u00ebndetin dhe zhvillimin fizik t\u00eb f\u00ebmij\u00ebs - p\u00ebr sh\u00ebndetin e f\u00ebmij\u00ebve nga mosha e \u00e7erdhes kujdeset \u00e7do dit\u00eb infermierja pedagogjike, kujdestarja, kurse n\u00eb grupet e kopshtit m\u00ebsuesja dhe kujdestari q\u00eb kujdesen p\u00ebr ruajtjen dhe zhvillimin e shprehive baz\u00eb dhe higjien\u00ebs. , p\u00ebr marrjen e duhur t\u00eb ushqimit dhe p\u00ebr ushtrimin e rregullt t\u00eb nevojave fiziologjike, si dhe nevojave p\u00ebr l\u00ebvizje fizike.&nbsp;&nbsp;&nbsp;&nbsp;&nbsp;<\/p>\n\n\n\n<p>- Q\u00ebndrim n\u00eb aj\u00ebr t\u00eb past\u00ebr \u2013 sa her\u00eb q\u00eb kushtet e motit jan\u00eb t\u00eb k\u00ebnaqshme.&nbsp;&nbsp;&nbsp;&nbsp;&nbsp;&nbsp;&nbsp;&nbsp;&nbsp;<\/p>\n\n\n\n<p>- Pushimi ditor \u2013 gjumi, forcon sh\u00ebndetin mendor dhe organizmin e f\u00ebmij\u00ebs; f\u00ebmij\u00ebt flen\u00eb n\u00eb nj\u00eb dhom\u00eb t\u00eb ajrosur, n\u00eb krevat f\u00ebmij\u00ebsh t\u00eb ve\u00e7ant\u00eb dhe koh\u00ebzgjatja e gjumit varet nga mosha e f\u00ebmij\u00ebs. P\u00ebrgatitjet p\u00ebr pushim ditor dhe ngritje mund\u00ebsojn\u00eb formimin dhe vendosjen e shprehive t\u00eb pun\u00ebs p\u00ebr vet\u00ebsh\u00ebrbim, mbajtjen e higjien\u00ebs personale dhe rregullimit.<\/p>\n\n\n\n<p>&nbsp;Grupet e \u00e7erdheve jan\u00eb t\u00eb disponueshme n\u00eb t\u00eb gjitha ambientet e qytetit, grupet e kopshteve jan\u00eb t\u00eb disponueshme n\u00eb t\u00eb gjitha ambientet si dhe n\u00eb qendrat e zhvillimit t\u00eb f\u00ebmij\u00ebris\u00eb s\u00eb hershme.<\/p>","protected":false},"excerpt":{"rendered":"<p>\u0417\u0433\u0440\u0438\u0436\u0443\u0432\u0430\u045a\u0435 \u0435 \u0438\u043d\u0441\u0442\u0438\u0442\u0443\u0446\u0438\u043e\u043d\u0430\u043b\u043d\u043e \u043e\u0440\u0433\u0430\u043d\u0438\u0437\u0438\u0440\u0430\u043d\u043e \u043f\u0440\u0438\u0444\u0430\u045c\u0430\u045a\u0435 \u0438 \u043f\u0440\u0435\u0441\u0442\u043e\u0458 \u043d\u0430 \u0434\u0435\u0446\u0430 \u043e\u0434 8 \u043c\u0435\u0441\u0435\u0446\u0438 \u0434\u043e 6 \u0433\u043e\u0434\u0438\u043d\u0438. \u0422\u043e\u0430 \u043e\u043f\u0444\u0430\u045c\u0430: \u043d\u0435\u0433\u0430 \u0438 \u0438\u0441\u0445\u0440\u0430\u043d\u0430, \u043e\u0434\u043c\u043e\u0440 \u0438 \u043f\u0440\u0435\u0432\u0435\u043d\u0442\u0438\u0432\u043d\u043e \u2013 \u0437\u0434\u0440\u0430\u0432\u0441\u0442\u0432\u0435\u043d\u0438 \u0430\u043a\u0442\u0438\u0432\u043d\u043e\u0441\u0442\u0438. C\u0435\u043a\u043e\u0458\u0434\u043d\u0435\u0432\u043d\u0438\u0442\u0435 \u0430\u043a\u0442\u0438\u0432\u043d\u043e\u0441\u0442\u0438&nbsp; \u0441\u0435 \u043e\u0434\u043d\u0435\u0441\u0443\u0432\u0430\u0430\u0442 \u043d\u0430: &#8211; \u041d\u0435\u0433\u0430 \u0438 \u0438\u0441\u0445\u0440\u0430\u043d\u0430 \u043d\u0430 \u0434\u0435\u0446\u0430\u0442\u0430 &#8211;\u00a0 \u0441\u043e \u043f\u0440\u0430\u0432\u0438\u043b\u043d\u043e [&hellip;]<\/p>","protected":false},"author":1,"featured_media":172,"parent":0,"menu_order":0,"comment_status":"closed","ping_status":"closed","template":"","meta":{"footnotes":""},"class_list":["post-65","page","type-page","status-publish","has-post-thumbnail","hentry"],"_links":{"self":[{"href":"https:\/\/mladost-rinia.mk\/sq\/wp-json\/wp\/v2\/pages\/65","targetHints":{"allow":["GET"]}}],"collection":[{"href":"https:\/\/mladost-rinia.mk\/sq\/wp-json\/wp\/v2\/pages"}],"about":[{"href":"https:\/\/mladost-rinia.mk\/sq\/wp-json\/wp\/v2\/types\/page"}],"author":[{"embeddable":true,"href":"https:\/\/mladost-rinia.mk\/sq\/wp-json\/wp\/v2\/users\/1"}],"replies":[{"embeddable":true,"href":"https:\/\/mladost-rinia.mk\/sq\/wp-json\/wp\/v2\/comments?post=65"}],"version-history":[{"count":2,"href":"https:\/\/mladost-rinia.mk\/sq\/wp-json\/wp\/v2\/pages\/65\/revisions"}],"predecessor-version":[{"id":136,"href":"https:\/\/mladost-rinia.mk\/sq\/wp-json\/wp\/v2\/pages\/65\/revisions\/136"}],"wp:featuredmedia":[{"embeddable":true,"href":"https:\/\/mladost-rinia.mk\/sq\/wp-json\/wp\/v2\/media\/172"}],"wp:attachment":[{"href":"https:\/\/mladost-rinia.mk\/sq\/wp-json\/wp\/v2\/media?parent=65"}],"curies":[{"name":"wp","href":"https:\/\/api.w.org\/{rel}","templated":true}]}}

Aktivitet i përkujdesjes

<p>Kujdesi është institucionalisht pranimi dhe qëndrimi i fëmijëve nga 8 muaj deri në 6 vjeç. Ai përfshin: kujdesin dhe ushqimin, pushimin dhe aktivitetet shëndetësore parandaluese.</p>



<p>Aktivitetet ditore i referohen:</p>



<p>- Kujdesi dhe ushqyerja e fëmijëve - kujdesi dhe ushqyerja e duhur e fëmijës do të kontribuojë në rritjen dhe zhvillimin korrekt fizik të fëmijës, duke zhvilluar kështu shprehitë e të ushqyerit dhe mirëmbajtjen e higjienës.    </p>



<p>&nbsp;- Kujdesi për shëndetin dhe zhvillimin fizik të fëmijës - për shëndetin e fëmijëve nga mosha e çerdhes kujdeset çdo ditë infermierja pedagogjike, kujdestarja, kurse në grupet e kopshtit mësuesja dhe kujdestari që kujdesen për ruajtjen dhe zhvillimin e shprehive bazë dhe higjienës. , për marrjen e duhur të ushqimit dhe për ushtrimin e rregullt të nevojave fiziologjike, si dhe nevojave për lëvizje fizike.&nbsp;&nbsp;&nbsp;&nbsp;&nbsp;</p>



<p>- Qëndrim në ajër të pastër – sa herë që kushtet e motit janë të kënaqshme.&nbsp;&nbsp;&nbsp;&nbsp;&nbsp;&nbsp;&nbsp;&nbsp;&nbsp;</p>



<p>- Pushimi ditor – gjumi, forcon shëndetin mendor dhe organizmin e fëmijës; fëmijët flenë në një dhomë të ajrosur, në krevat fëmijësh të veçantë dhe kohëzgjatja e gjumit varet nga mosha e fëmijës. Përgatitjet për pushim ditor dhe ngritje mundësojnë formimin dhe vendosjen e shprehive të punës për vetëshërbim, mbajtjen e higjienës personale dhe rregullimit.</p>



<p>&nbsp;Grupet e çerdheve janë të disponueshme në të gjitha ambientet e qytetit, grupet e kopshteve janë të disponueshme në të gjitha ambientet si dhe në qendrat e zhvillimit të fëmijërisë së hershme.</p>

<p>Згрижување е институционално организирано прифаќање и престој на деца од 8 месеци до 6 години. Тоа опфаќа: нега и исхрана, одмор и превентивно – здравствени активности. Cекојдневните активности&nbsp; се однесуваат на: &#8211; Нега и исхрана на децата &#8211;  со правилно [&hellip;]</p>
